162?
18
Let t = -532 + 533. What is the greatest common divisor of 16 and t?
1
Let r(h) = 10*h**2 + 8*h - 9. Let k be r(1). Calculate the highest common factor of 360 and k.
9
Suppose 77*z - 535 - 466 = 0. Suppose -t + 260 = 4*t. What is the highest common divisor of z and t?
13
Let f(v) = v**3 - 31*v**2 + 84*v + 42. Let m be f(28). What is the highest common factor of 1743 and m?
21
Let k be 8/12 + (-440)/(-15). Let s be 16 + 0 + -4 + 0. Calculate the highest common factor of k and s.
6
Suppose -5 = 2*c - 35. Calculate the highest common factor of c and 135.
15
Let d = -459 + 900. Calculate the highest common divisor of 9 and d.
9
Suppose -2*a = -6, 1425 = 2*i - 7*a + 8*a. Calculate the highest common factor of i and 9.
9
Suppose 8*u - 4*u - 80 = -4*o, -u = 3*o - 26. Suppose 322 = -4*d + 1954. Suppose n - d = -2*n. Calculate the highest common divisor of n and u.
17
Let c(p) = -p**2 + p + 321. Let g be c(0). Suppose -111 = 3*d - g. Let t be -1 + (0 - -14) + -3. What is the greatest common factor of d and t?
10
Let l(w) = -w**3 - w + 13. Suppose -2*p = p + 12. Let z be l(p). What is the greatest common divisor of z and 18?
9
Let r be -15*18/15*-1. Let t(g) = -g**3 - 12*g**2 + 14*g + 10. Let j be t(-13). Let s(w) = -60*w. Let y be s(j). What is the highest common divisor of r and y?
18
Suppose -7*r + 45 = 2*r. Let t = r - 4. Calculate the greatest common divisor of t and 11.
1
Let h(f) = f**3 + f**2 - 2*f + 3. Let u be h(-2). Suppose 6*p = -l + u*p - 14, -25 = 5*p. Calculate the greatest common factor of 1 and l.
1
Let g(o) = -13*o**2 + 2*o - 2. Let n be g(2). Let k = -34 - n. Calculate the greatest common divisor of k and 48.
16
Suppose 2*k + 10 = 0, 0 = -q - 3*k - 2 - 23. Let o(g) = g**2 + 13*g + 3. Let u be o(q). Let b be (-30)/8*144/u. What is the greatest common factor of b and 2?
2
Let w(n) = -n + 5. Let f be w(5). Suppose f = 4*z - 64 - 16. Suppose 5*o - o = z. What is the greatest common divisor of 1 and o?
1
Let d(r) = -4*r + 3. Let k be d(-3). Suppose 4*u = -u + k. Suppose -u*p + 3 + 3 = 0. Calculate the highest common divisor of 1 and p.
1
Let b = 24 + 4. Calculate the greatest common divisor of b and 8.
4
Suppose -4*z - 6*q + 2*q = -160, 12 = 3*q. What is the greatest common factor of 156 and z?
12
Let t(h) = -4*h**3 - 2*h**2 + h + 2. Let q be t(-1). Suppose q*c = -4*c + 1862. What is the greatest common divisor of c and 38?
38
Suppose 4*t + 3*i = 29, 2*i = -3*t + 7 + 15. Let c(x) = t - 4*x + x**2 - 9*x - x. Let s be c(14). Calculate the greatest common factor of s and 16.
8
Let m = -97 + -38. Let c = m - -197. What is the greatest common factor of 93 and c?
31
Let r be 0/(-1 - (-3 - -3)) + 3. Suppose 4*d - 128 = -4*m, -d = -r*m + 5*m - 60. What is the greatest common divisor of m and 42?
14
Let g = -2121 + 2269. Calculate the highest common divisor of g and 407.
37
Suppose 772*z = 770*z + 3300. Calculate the highest common divisor of z and 66.
66
Let w be -1 + 0 + (17 - 7). Let p be (6/(-2))/((-3)/9). What is the highest common divisor of p and w?
9
Let a(x) be the third derivative of 11*x**5/20 - x**4/24 + 2*x**2. Let m be a(1). Let p be (5 + 51/(-15))*60. What is the highest common factor of m and p?
32
Suppose p = 5*w - 141 - 128, -3*w = -5*p - 157. Suppose 0 = -5*j + w - 9. Calculate the greatest common divisor of 72 and j.
9
Suppose 0*q + 50 = q. Suppose 0 = 48*s - 46*s - q. What is the greatest common divisor of 10 and s?
5
Let h = 27 + -25. Let u(t) = -3 - h*t**2 - 2 - 11*t + 5 - 1. Let x be u(-5). What is the greatest common factor of x and 10?
2
Let o be ((-42)/18)/((-219)/54 + 4). Calculate the greatest common divisor of o and 224.
14
Suppose 35*c = 34*c + 225. Calculate the highest common divisor of c and 15.
15
Let l be (-402)/268 + 1473/2. Calculate the greatest common factor of l and 98.
49
Suppose 5*p + 3*l = -l - 201, p = -2*l - 39. Let u = p + 97. Calculate the greatest common factor of u and 14.
14
Let v(j) = -j**3 + 8*j**2 + 2. Suppose 4*t + 3*y + y = 40, 6 = 3*y. Let g be v(t). Let q = -11 + 25. Calculate the highest common divisor of q and g.
2
Let k be 260*3 + 4 + -9. What is the greatest common factor of k and 75?
25
Suppose -3 = -4*y + 13. Suppose y*x + 16 = 0, 0*d - 3*d + 132 = -3*x. Calculate the greatest common factor of 8 and d.
8
Let a(i) = i**3 + i + 150. Let o be a(0). Suppose 69 - 219 = -5*k. Calculate the highest common factor of o and k.
30
Let k be 38/8 + (-8)/(-32). Suppose 0 = 3*t + 3*p - 72, t + k*p - 4 - 36 = 0. Calculate the highest common factor of t and 8.
4
Let r(z) = -z**2 + 30*z + 1. Let t be r(29). What is the greatest common factor of 130 and t?
10
Let t(x) = -4*x - 9. Let v be t(-6). Let o be ((-7)/(-14))/(2/(-3))*4. Let r be o/9 - 496/(-3). What is the greatest common divisor of v and r?
15
Suppose 11*p - 1044 = 2*p. Let s = p + -110. Let c = -27 + 69. What is the greatest common factor of s and c?
6
Let u = -5 + 19. Suppose -2*m = -5*d - 0*m + 178, 2*d - 5*m - 67 = 0. Let i be (u/(-3))/((-2)/d). What is the highest common factor of i and 12?
12
Let z = 126 + -86. Suppose 2*u + 8 = 2*a + 2*a, -5*a = 5*u + 20. Suppose a = 5*i - 388 + 88. Calculate the greatest common divisor of z and i.
20
Let u(f) = -7*f + 157. Let d be u(16). What is the highest common factor of 390 and d?
15
Let d = 39 - 231. Let v be ((-1)/4)/(16/d). Calculate the highest common divisor of 24 and v.
3
Let y = 48 - 43. Suppose -2*r = -3*j - 61, -y*r - 3*j + 118 = j. What is the highest common factor of r and 104?
26
Let s = -83 + 131. Suppose -18 = 8*p - 10*p + i, -2*p + 36 = -4*i. Calculate the greatest common divisor of p and s.
6
Let q(b) = -b + 32. Let p be q(15). Suppose -s - 11 + p = 0. What is the highest common factor of 60 and s?
6
Let v be -2 - (-4)/(4/15). Suppose 4*a = 7 + v. Suppose -p - 2*p + 339 = -3*i, 0 = a*i - 20. Calculate the highest common divisor of p and 13.
13
Suppose v + 3*h - 15 = 11, -5*v = -2*h - 113. Let p = v + -21. Suppose -a + 7 = 4*q + p*a, 35 = 5*q - 5*a. Calculate the greatest common divisor of q and 28.
4
Let c(z) = -2*z**3 - 74*z**2 + z + 56. Let m be c(-37). Let v = -101 - -310. Calculate the highest common divisor of m and v.
19
Let b = 13 - 16. Let g be ((-4 - b) + -7)/1. Let j = g - -13. Calculate the highest common factor of j and 35.
5
Let r = 1 - 1. Let b = -6 - r. Let h be ((-8)/(-12))/(b/(-63)). Calculate the greatest common divisor of h and 35.
7
Suppose 24*c = 56*c - 576. What is the highest common divisor of 1 and c?
1
Let p = 53 - 38. Let l be 416/39*p/2. What is the highest common factor of 10 and l?
10
Suppose -3*d + 61 = -u, 5*u = 41*d - 44*d + 55. Calculate the highest common divisor of d and 180.
20
Let i(s) = 2*s**2 + 10*s + 10. Let g be i(-7). Let b = g - 8. What is the highest common divisor of 45 and b?
15
Let d be 1048/44 + 4 - (-20)/110. What is the greatest common divisor of 1036 and d?
28
Let h be (-134)/14 + 18/(-42). Let o = h + 38. What is the greatest common factor of 252 and o?
28
Suppose -18*v + 300 = -15*v. What is the greatest common factor of 20 and v?
20
Suppose 0 = -l + 5*c - 41, 4*l = -2*c + 19 - 183. Let k = -6 - l. Suppose 1 + 19 = 4*y - 3*g, 5*y - 25 = 2*g. What is the greatest common factor of k and y?
5
Let m be (-147)/42*(0 + 4/(-7)). Calculate the highest common divisor of 1 and m.
1
Suppose 3*h - 3*y - 102 = 0, h + 7*y = 2*y + 46. What is the highest common factor of 396 and h?
36
Let n(q) = 2*q**3 + 3*q**2 - 2*q - 1. Let u be n(2). Let t be (-5 - (-40)/5)/(9/138). What is the highest common factor of t and u?
23
Let l(t) = 5*t**2 - 7*t + 2. Let n be l(-2). What is the highest common factor of 516 and n?
12
Let m(z) = -110*z. Let l be m(-2). Let a = l + -85. Suppose 3*u - 170 = -0*u + 2*j, -4*u + 228 = -3*j. Calculate the highest common factor of a and u.
27
Let w(t) = t**2 - 17*t + 55. Let n be w(20). What is the highest common divisor of 92 and n?
23
Suppose 2*b - 5*a = 200, -3*b + 2*a - 44 + 322 = 0. Calculate the highest common factor of b and 120.
30
Suppose -h - 37 = -2*h. Suppose c = 270 - 11. What is the highest common divisor of c and h?
37
Let i(c) = c**3 + 7*c**2 + 5*c + 2. Let r = -84 - -78. Let t be i(r). What is the greatest common divisor of 88 and t?
8
Let v = 810 + -150. What is the greatest common factor of 55 